{"id":49,"date":"2025-06-14T15:59:47","date_gmt":"2025-06-14T12:59:47","guid":{"rendered":"https:\/\/torosiskele.com\/torosiskele\/?page_id=49"},"modified":"2025-06-14T16:17:36","modified_gmt":"2025-06-14T13:17:36","slug":"hakkimizda","status":"publish","type":"page","link":"https:\/\/torosiskele.com\/torosiskele\/hakkimizda\/","title":{"rendered":"HAKKIMIZDA"},"content":{"rendered":"<h3 class=\"elementor-heading-title elementor-size-default\"><b>\u015eirketimiz<\/b>; 1990 y\u0131l\u0131nda ba\u015flam\u0131\u015f oldu\u011fumuz in\u015faat yap\u0131m i\u015fleri sonras\u0131nda 2002 y\u0131l\u0131nda YAPICI \u0130N\u015eAAT markas\u0131 ile devam ettirmektedir. Firmam\u0131z kaba in\u015faat i\u015fmerkezleri AVM ler ve konut konusunda\u00a0 uzmanla\u015fm\u0131\u015ft\u0131r.<\/h3>\n<p>Firmam\u0131z kuruldu\u011fu g\u00fcnden bug\u00fcne kadar bir taraftan i\u00e7 yap\u0131s\u0131nda istihdam\u0131 s\u00fcrekli art\u0131r\u0131c\u0131 i\u015f kollar\u0131na yat\u0131r\u0131m yaparken, di\u011fer taraftan m\u00fc\u015fterilerinin i\u015f ve ya\u015fam kalitesini art\u0131racak konutlar, end\u00fcstriyel tesisler, i\u015f merkezleri vb. yap\u0131lar\u0131n \u00e7a\u011f\u0131n gerekleri ve teknolojilerini kendine \u00f6zg\u00fc tasar\u0131m ve yap\u0131 tekni\u011fiyle birle\u015ftirip m\u00fc\u015fterilerinin hizmetine sunmaktad\u0131r.<\/p>\n<p>\u0130nsan Kaynaklar\u0131 politikam\u0131z, \u015firketimizin hedef ve stratejileri do\u011frultusunda nitelikli insan g\u00fcc\u00fc al\u0131m\u0131n\u0131 ger\u00e7ekle\u015ftirmek, \u00e7al\u0131\u015fan memnuniyetini proaktif insan kaynaklar\u0131 uygulamalar\u0131 ile sa\u011flayarak insan kaynaklar\u0131 etkili ve motive adilmi\u015f bir organizasyon olu\u015fturmak, s\u00fcrekli e\u011fitimler ile ki\u015fisel geli\u015fimi desteklemek, b\u00f6ylece \u015firketimizin sekt\u00f6rde fark yaratan bir firma olmas\u0131n\u0131 sa\u011flamakt\u0131r<\/p>\n","protected":false},"excerpt":{"rendered":"<p>\u015eirketimiz; 1990 y\u0131l\u0131nda ba\u015flam\u0131\u015f oldu\u011fumuz in\u015faat yap\u0131m i\u015fleri sonras\u0131nda 2002 y\u0131l\u0131nda YAPICI \u0130N\u015eAAT markas\u0131 ile devam ettirmektedir. Firmam\u0131z kaba in\u015faat i\u015fmerkezleri AVM ler ve konut konusunda\u00a0 uzmanla\u015fm\u0131\u015ft\u0131r. Firmam\u0131z kuruldu\u011fu g\u00fcnden bug\u00fcne kadar bir taraftan i\u00e7 yap\u0131s\u0131nda istihdam\u0131 s\u00fcrekli art\u0131r\u0131c\u0131 i\u015f kollar\u0131na yat\u0131r\u0131m yaparken, di\u011fer taraftan m\u00fc\u015fterilerinin i\u015f ve ya\u015fam kalitesini art\u0131racak konutlar, end\u00fcstriyel tesisler, i\u015f [&hellip;]<\/p>\n","protected":false},"author":1,"featured_media":0,"parent":0,"menu_order":1,"comment_status":"closed","ping_status":"closed","template":"","meta":{"_stopmodifiedupdate":false,"_modified_date":"","footnotes":""},"class_list":["post-49","page","type-page","status-publish","hentry"],"_links":{"self":[{"href":"https:\/\/torosiskele.com\/torosiskele\/wp-json\/wp\/v2\/pages\/49","targetHints":{"allow":["GET"]}}],"collection":[{"href":"https:\/\/torosiskele.com\/torosiskele\/wp-json\/wp\/v2\/pages"}],"about":[{"href":"https:\/\/torosiskele.com\/torosiskele\/wp-json\/wp\/v2\/types\/page"}],"author":[{"embeddable":true,"href":"https:\/\/torosiskele.com\/torosiskele\/wp-json\/wp\/v2\/users\/1"}],"replies":[{"embeddable":true,"href":"https:\/\/torosiskele.com\/torosiskele\/wp-json\/wp\/v2\/comments?post=49"}],"version-history":[{"count":2,"href":"https:\/\/torosiskele.com\/torosiskele\/wp-json\/wp\/v2\/pages\/49\/revisions"}],"predecessor-version":[{"id":54,"href":"https:\/\/torosiskele.com\/torosiskele\/wp-json\/wp\/v2\/pages\/49\/revisions\/54"}],"wp:attachment":[{"href":"https:\/\/torosiskele.com\/torosiskele\/wp-json\/wp\/v2\/media?parent=49"}],"curies":[{"name":"wp","href":"https:\/\/api.w.org\/{rel}","templated":true}]}}